 the prime factors of x.
2, 5
Suppose -4*n + 49 = 9. Let b = n - 1. List the prime factors of b.
3
Suppose 3*j + 1 - 21 = -i, i = 2*j + 15. What are the prime factors of i?
17
Let x(u) = u - 2*u**3 - u**3 - 13*u**2 - 3 - 5*u + 10*u**2. List the prime factors of x(-2).
17
Let k(y) = y**2 + 5*y. Let i be k(-4). Let r = i - -7. Suppose -r*m = -12 - 3. List the prime factors of m.
5
Let g(n) = -n**3 + 4*n**2 + n - 2. Let p be g(4). Let d be (64/(-20))/(p/(-10)). Let i = 3 + d. What are the prime factors of i?
19
Suppose y = 5*s + 1 + 19, -2*s - 8 = -y. Suppose 3*d - 16 + 4 = y. Suppose d*k - 24 = -4. List the prime factors of k.
5
Suppose 5*h - d = 72, -6*h - d + 68 = -h. Let j = h + -20. List the prime factors of ((-9)/j)/(1/10).
3, 5
Suppose -5*f = -24 - 326. List the prime factors of f/9 + (-4)/(-18).
2
Let b = 3 - 1. Suppose b*v = 5*v. Suppose v = h - 2 - 0. What are the prime factors of h?
2
Let h = -8 - -5. List the prime factors of (-16)/6*h/2.
2
Let l(g) be the second derivative of g**5/20 + 7*g**4/12 - 3*g**3/2 - 9*g**2/2 - 5*g. What are the prime factors of l(-7)?
2, 3
Suppose t + 4*t = 10. Let b = 0 - t. What are the prime factors of -2 + 7 + 1 + b?
2
Let i = 21 - 12. List the prime factors of i.
3
Let y(b) = -b**3 - 4*b**2 - 3*b - 5. What are the prime factors of y(-4)?
7
Let w(c) = -2*c - 1. Let t = -13 - -8. What are the prime factors of w(t)?
3
Let n = 16 - 10. Let l(z) = -3*z + 11. Let u(r) = -r + 5. Let q(m) = -3*l(m) + 5*u(m). List the prime factors of q(n).
2
Let m = 232 - 118. What are the prime factors of m?
2, 3, 19
Let z be (1/(-2))/((-1)/(-14)). Let q = z - -10. Suppose -q*u = 5*p - 20 + 2, 0 = -5*u - 4*p + 30. What are the prime factors of u?
2, 3
Let v = 1 + 3. Suppose v = 5*i - 6. What are the prime factors of i?
2
Suppose 2 = 3*n - 1, 4*f + n - 1 = 0. Suppose 2*o - 5 - 15 = f. List the prime factors of o.
2, 5
Suppose 0 = t + t - 298. What are the prime factors of t?
149
Let c = 8 - 6. Suppose 4*q + 5*m = 1 + 7, 22 = 2*q - c*m. What are the prime factors of q?
7
Suppose -17*u + 6*u = -1793. List the prime factors of u.
163
Suppose 2*f = 10, -3*y + 0*f = -f - 214. List the prime factors of y.
73
Let x(u) = 5*u - 2*u**2 + 4*u**3 - 5*u**3 - 10 - 5*u**2. List the prime factors of x(-8).
2, 7
Let j(c) = -c**3 + 10*c**2 - 7*c - 4. Let k be j(9). Let n = -9 + k. List the prime factors of n.
5
Let f(i) = 6*i - 1. Let k be f(1). Suppose -2*t - t + 4*z = -44, 4*t = k*z + 58. What are the prime factors of t?
2, 3
Let y(v) = 15*v**2 + 7*v + 9. List the prime factors of y(-2).
5, 11
Suppose 5*l - 2*j + j - 149 = 0, 3*l = 3*j + 99. List the prime factors of l.
29
Suppose 5*r = -5*m + 2*r + 18, 1 = m - 2*r. What are the prime factors of m?
3
List the prime factors of (55 - 0/1)/1.
5, 11
Suppose 0*l + k - 210 = -4*l, -l = -k - 55. Suppose -3*m - 2 = -l. List the prime factors of m.
17
Suppose 9*r = 7*r + 278. What are the prime factors of r?
139
Suppose -4*b = -228 + 60. What are the prime factors of b?
2, 3, 7
Let s(p) = -5 - 2*p**3 + 2*p - 5*p**2 + 3*p**3 + 0*p. Suppose 13 + 12 = 5*o. What are the prime factors of s(o)?
5
List the prime factors of ((-10)/12)/(7/(-2982)).
5, 71
What are the prime factors of 21/(-15) - -1 - 448/(-20)?
2, 11
Suppose 0*s + 25 = 5*s + 5*r, 18 = 4*s + 2*r. Suppose s*q + 5 = 21. List the prime factors of q.
2
Suppose 836 = 14*v - 3*v. What are the prime factors of v?
2, 19
Let s(x) = -x + 1. What are the prime factors of s(-4)?
5
Let l(a) = -a**3 + 2*a**2 - 4*a + 5. Let j be l(-5). Suppose j = 2*r + 2*r. What are the prime factors of r?
2, 5
Suppose 0*c = c - z - 10, 5*c = -2*z + 36. What are the prime factors of c?
2
Suppose 0 = -2*k + 6, 0 = -2*w + 7*w + 2*k - 11. Suppose w = 5*c - 9. What are the prime factors of c?
2
Let i(v) = -v**3 - 14*v**2 + 15*v + 18. What are the prime factors of i(-15)?
2, 3
Let x = -3 - 11. Suppose 0 = k + 2, 75 = 3*b + 4*k + 11. Let z = x + b. What are the prime factors of z?
2, 5
Let j = -27 + 62. What are the prime factors of j?
5, 7
Suppose 13 = v + 5*d - 84, 4*v - 4*d - 508 = 0. What are the prime factors of v?
2, 61
Suppose -1 = i + 1. Let v = 2 - i. Suppose o - v*o = 2*k - 7, 4*o - 2 = k. What are the prime factors of k?
2
Let q(r) = -r**3 - 7*r**2 - 4*r + 2. Let t be q(-6). What are the prime factors of t/(-2)*(-96)/(-20)?
2, 3
Let b = -8 + 13. Suppose 0 = -4*l + b*g - 6*g - 13, -5*g - 33 = 4*l. List the prime factors of ((-24)/(-30))/(l/(-25)).
2, 5
Suppose -5*n = -148 - 2. List the prime factors of n.
2, 3, 5
Let z(l) = -5*l**3 + 1. Let k be z(1). Let v be k/6*(-1 + 10). Let u = -3 - v. What are the prime factors of u?
3
Let s = -63 + 99. What are the prime factors of s?
2, 3
Suppose 3*n - 3 = -4*l + 1, 5*n + 5*l = 15. What are the prime factors of (-12)/(-16) - (-90)/n?
2, 3
Suppose -5*i - 5*b = -70, i - 2*b - b + 6 = 0. What are the prime factors of -42*(24/i - 3)?
2, 7
Let c(v) = v**3 - 2*v**2 + 1. Let h be c(3). Suppose 3*r - h = -1. What are the prime factors of r?
3
Suppose 0 = s - 3*s + 112. Let k = 79 - s. What are the prime factors of k?
23
Let l(p) = p - 3. Let t be l(3). Suppose t*o - 4*o = -8. List the prime factors of ((-12)/15)/(o/(-25)).
2, 5
List the prime factors of ((-58)/2)/(-5 + -4 + 8).
29
Let u(c) be the third derivative of c**6/120 - c**5/12 + c**4/6 + c**3/3 + c**2. What are the prime factors of u(4)?
2
Suppose 8 = -2*m + 20. Let z be m/3 + -2 + 3. Suppose -13 = -z*g - 4. What are the prime factors of g?
3
Suppose 0 = 3*t - 94 - 128. What are the prime factors of t?
2, 37
Suppose 41 - 905 = -9*o. What are the prime factors of o?
2, 3
Suppose -3*z = -3*p - 477, 2*p + 174 + 464 = 4*z. List the prime factors of z.
2, 5
Let n be (-8)/(-2) - 3 - -3. Suppose 3*u - n = 8. Suppose 0 = u*o - o + 4*r - 23, 7 = o + r. List the prime factors of o.
5
Let m = -42 - -26. Let q be 4/(-14) - (-75)/(-7). Let t = q - m. What are the prime factors of t?
5
Let w be (18/(-15))/(2/(-10)). Let s be w/(-10) + 4/(-10). What are the prime factors of (s - 1)*(-27)/6?
3
Suppose -4*l - 2*g = -78, 2*g - 21 = -2*l + 15. Let m = -2 - -2. Suppose 4*u - 6 = 3*k - 5*k, 5*u - 2*k - l = m. What are the prime factors of u?
3
Let i(n) = n - 25. Let a be i(0). Let g(l) = 5*l**2 - 3*l. Let z be g(3). Let k = a + z. List the prime factors of k.
11
Let d(z) = 2*z + 1. Let c be d(3). Let k = -2 + c. Suppose k*o = 4*o + 14. List the prime factors of o.
2, 7
Let p(j) = j**2 - 11*j - 14. List the prime factors of p(13).
2, 3
Suppose -v + 2*r = 4*v - 20, v + 3*r = 4. Suppose -v*u = 4*g + g - 85, u + 4*g = 24. What are the prime factors of ((-6)/(-15))/(2/u)?
2
List the prime factors of (-49 + 3)*1/(-2).
23
List the prime factors of -4 - 7/((-14)/68).
2, 3, 5
Let a(r) = -r + 5. List the prime factors of a(-6).
11
Let y = -17 - -20. What are the prime factors of y + 13/1 + 2?
2, 3
Suppose -2*b = 2 + 4. Let a be 2/6 + (-11)/b. What are the prime factors of (6/a)/((-3)/(-28))?
2, 7
Suppose -5 = 5*w - 30, 0 = -3*g - 5*w + 31. What are the prime factors of (-2)/g - -14 - 0?
13
Let r = -11 - -2. Let c(g) = -g - 3. List the prime factors of c(r).
2, 3
Let q(m) = 3*m**2 + 2*m - 1. Let v be q(1). Let w(r) = v*r + 3*r + 0*r. List the prime factors of w(1).
7
Let n be ((-78)/(-12))/(2/4). Let k = n + -2. List the prime factors of k.
11
Suppose 11*t - 7*t - 8 = 0. Suppose -2*v = t*y + 2, 3*v + 35 = 3*y + 2*y. What are the prime factors of y?
2
Let s(h) = 0*h**2 - 1 + 3*h**3 + 3*h**2 + 2*h - 5*h**2 + 3*h**3. Let d be s(1). Suppose -4*v + 21 = d. What are the prime factors of v?
2
Let v(i) be the first derivative of 19*i**2 - i - 8. List the prime factors of v(1).
37
Let j be 2*1 + (-9)/(-3). Suppose -d + j = 4*d. Suppose d + 5 = 3*y. List the prime factors of y.
2
Let g(u) = u + 4. Let j be g(-5). Suppose 3*d - 3 = -q, 3 = q + 5*d - 0. Let n = q - j. List the prime factors of n.
2
Let m(d) = -d + 12. Let l be m(9). Suppose -2 = w - 3. Let j = w + l. List the prime factors of j.
2
Let z(h) = h**3 + 6*h**2 - 8*h + 3. Let g be z(-7). Let k = 0 + 0. Suppose -g + k = -a. List the prime factors of a.
2, 5
Suppose -3*z + 10 + 5 = 0, -56 = -y + z. List the prime factors of y.
61
Suppose 0 = q + 4*q + 5*h - 230, 3*h - 183 = -4*q. What are the prime factors of q?
3, 5
Suppose u + 3*u = 0. Let p = u - -2. What ar